{"version":"1.0","provider_name":"JFG Wendelstein","provider_url":"https:\/\/www.jugendfussball-wendelstein.de\/wordpress","author_name":"Autor","author_url":"https:\/\/www.jugendfussball-wendelstein.de\/wordpress\/author\/autor\/","title":"JFG - SG 83 Nbg.\/F\u00fcrth (1:3) - JFG Wendelstein","type":"rich","width":600,"height":338,"html":"<blockquote class=\"wp-embedded-content\" data-secret=\"DLhlkDrnpG\"><a href=\"https:\/\/www.jugendfussball-wendelstein.de\/wordpress\/jfg-sg-83-nbg-fuerth-13\/\">JFG &#8211; SG 83 Nbg.\/F\u00fcrth (1:3)<\/a><\/blockquote><iframe sandbox=\"allow-scripts\" security=\"restricted\" src=\"https:\/\/www.jugendfussball-wendelstein.de\/wordpress\/jfg-sg-83-nbg-fuerth-13\/embed\/#?secret=DLhlkDrnpG\" width=\"600\" height=\"338\" title=\"&#8222;JFG &#8211; SG 83 Nbg.\/F\u00fcrth (1:3)&#8220; &#8211; JFG Wendelstein\" data-secret=\"DLhlkDrnpG\" frameborder=\"0\" marginwidth=\"0\" marginheight=\"0\" scrolling=\"no\" class=\"wp-embedded-content\"><\/iframe><script type=\"text\/javascript\">\n\/* <![CDATA[ *\/\n\/*! This file is auto-generated *\/\n!function(d,l){\"use strict\";l.querySelector&&d.addEventListener&&\"undefined\"!=typeof URL&&(d.wp=d.wp||{},d.wp.receiveEmbedMessage||(d.wp.receiveEmbedMessage=function(e){var t=e.data;if((t||t.secret||t.message||t.value)&&!\/[^a-zA-Z0-9]\/.test(t.secret)){for(var s,r,n,a=l.querySelectorAll('iframe[data-secret=\"'+t.secret+'\"]'),o=l.querySelectorAll('blockquote[data-secret=\"'+t.secret+'\"]'),c=new RegExp(\"^https?:$\",\"i\"),i=0;i<o.length;i++)o[i].style.display=\"none\";for(i=0;i<a.length;i++)s=a[i],e.source===s.contentWindow&&(s.removeAttribute(\"style\"),\"height\"===t.message?(1e3<(r=parseInt(t.value,10))?r=1e3:~~r<200&&(r=200),s.height=r):\"link\"===t.message&&(r=new URL(s.getAttribute(\"src\")),n=new URL(t.value),c.test(n.protocol))&&n.host===r.host&&l.activeElement===s&&(d.top.location.href=t.value))}},d.addEventListener(\"message\",d.wp.receiveEmbedMessage,!1),l.addEventListener(\"DOMContentLoaded\",function(){for(var e,t,s=l.querySelectorAll(\"iframe.wp-embedded-content\"),r=0;r<s.length;r++)(t=(e=s[r]).getAttribute(\"data-secret\"))||(t=Math.random().toString(36).substring(2,12),e.src+=\"#?secret=\"+t,e.setAttribute(\"data-secret\",t)),e.contentWindow.postMessage({message:\"ready\",secret:t},\"*\")},!1)))}(window,document);\n\/* ]]> *\/\n<\/script>\n","description":"24.10.2014 : Mit dem Anpfiff des Schiedsrichters startete\u00a0ein \u00fcberdurchschnittlich gutes Fu\u00dfballspiel. Rassige Zweik\u00e4mpfe, Technik, Spielkultur und enormes Tempo waren die Attribute dieser Partie. Unsere Buben h\u00e4tten wie schon so oft in dieser Saison nach einer gespielten Minute durch Jonas Hammel in F\u00fchrung gehen m\u00fcssen, doch Jonas konnte die scharfe Hereingabe\u00a0von Kevin Kurtz nicht zu einem [&hellip;]"}

JFG - SG 83 Nbg./Fürth (1:3) - JFG Wendelstein

<blockquote class="wp-embedded-content" data-secret="DLhlkDrnpG"><a href="https://www.jugendfussball-wendelstein.de/wordpress/jfg-sg-83-nbg-fuerth-13/">JFG &#8211; SG 83 Nbg./Fürth (1:3)</a></blockquote><iframe sandbox="allow-scripts" security="restricted" src="https://www.jugendfussball-wendelstein.de/wordpress/jfg-sg-83-nbg-fuerth-13/embed/#?secret=DLhlkDrnpG" width="600" height="338" title="&#8222;JFG &#8211; SG 83 Nbg./Fürth (1:3)&#8220; &#8211; JFG Wendelstein" data-secret="DLhlkDrnpG" frameborder="0" marginwidth="0" marginheight="0" scrolling="no" class="wp-embedded-content"></iframe><script type="text/javascript">
/* <![CDATA[ */
/*! This file is auto-generated */
!function(d,l){"use strict";l.querySelector&&d.addEventListener&&"undefined"!=typeof URL&&(d.wp=d.wp||{},d.wp.receiveEmbedMessage||(d.wp.receiveEmbedMessage=function(e){var t=e.data;if((t||t.secret||t.message||t.value)&&!/[^a-zA-Z0-9]/.test(t.secret)){for(var s,r,n,a=l.querySelectorAll('iframe[data-secret="'+t.secret+'"]'),o=l.querySelectorAll('blockquote[data-secret="'+t.secret+'"]'),c=new RegExp("^https?:$","i"),i=0;i<o.length;i++)o[i].style.display="none";for(i=0;i<a.length;i++)s=a[i],e.source===s.contentWindow&&(s.removeAttribute("style"),"height"===t.message?(1e3<(r=parseInt(t.value,10))?r=1e3:~~r<200&&(r=200),s.height=r):"link"===t.message&&(r=new URL(s.getAttribute("src")),n=new URL(t.value),c.test(n.protocol))&&n.host===r.host&&l.activeElement===s&&(d.top.location.href=t.value))}},d.addEventListener("message",d.wp.receiveEmbedMessage,!1),l.addEventListener("DOMContentLoaded",function(){for(var e,t,s=l.querySelectorAll("iframe.wp-embedded-content"),r=0;r<s.length;r++)(t=(e=s[r]).getAttribute("data-secret"))||(t=Math.random().toString(36).substring(2,12),e.src+="#?secret="+t,e.setAttribute("data-secret",t)),e.contentWindow.postMessage({message:"ready",secret:t},"*")},!1)))}(window,document);
/* ]]> */
</script>

24.10.2014 : Mit dem Anpfiff des Schiedsrichters startete ein überdurchschnittlich gutes Fußballspiel. Rassige Zweikämpfe, Technik, Spielkultur und enormes Tempo waren die Attribute dieser Partie. Unsere Buben hätten wie schon so oft in dieser Saison nach einer gespielten Minute durch Jonas Hammel in Führung gehen müssen, doch Jonas konnte die scharfe Hereingabe von Kevin Kurtz nicht zu einem [&hellip;]
