{"version":"1.0","provider_name":"JFG Wendelstein","provider_url":"https:\/\/www.jugendfussball-wendelstein.de\/wordpress","author_name":"Autor","author_url":"https:\/\/www.jugendfussball-wendelstein.de\/wordpress\/author\/autor\/","title":"JFGW - FC Eintracht Bamberg 4:3 - JFG Wendelstein","type":"rich","width":600,"height":338,"html":"<blockquote class=\"wp-embedded-content\" data-secret=\"m1eSSbJNmh\"><a href=\"https:\/\/www.jugendfussball-wendelstein.de\/wordpress\/jfgw-fc-eintracht-bamberg-43\/\">JFGW &#8211; FC Eintracht Bamberg  4:3<\/a><\/blockquote><iframe sandbox=\"allow-scripts\" security=\"restricted\" src=\"https:\/\/www.jugendfussball-wendelstein.de\/wordpress\/jfgw-fc-eintracht-bamberg-43\/embed\/#?secret=m1eSSbJNmh\" width=\"600\" height=\"338\" title=\"&#8222;JFGW &#8211; FC Eintracht Bamberg  4:3&#8220; &#8211; JFG Wendelstein\" data-secret=\"m1eSSbJNmh\" frameborder=\"0\" marginwidth=\"0\" marginheight=\"0\" scrolling=\"no\" class=\"wp-embedded-content\"><\/iframe><script type=\"text\/javascript\">\n\/* <![CDATA[ *\/\n\/*! This file is auto-generated *\/\n!function(d,l){\"use strict\";l.querySelector&&d.addEventListener&&\"undefined\"!=typeof URL&&(d.wp=d.wp||{},d.wp.receiveEmbedMessage||(d.wp.receiveEmbedMessage=function(e){var t=e.data;if((t||t.secret||t.message||t.value)&&!\/[^a-zA-Z0-9]\/.test(t.secret)){for(var s,r,n,a=l.querySelectorAll('iframe[data-secret=\"'+t.secret+'\"]'),o=l.querySelectorAll('blockquote[data-secret=\"'+t.secret+'\"]'),c=new RegExp(\"^https?:$\",\"i\"),i=0;i<o.length;i++)o[i].style.display=\"none\";for(i=0;i<a.length;i++)s=a[i],e.source===s.contentWindow&&(s.removeAttribute(\"style\"),\"height\"===t.message?(1e3<(r=parseInt(t.value,10))?r=1e3:~~r<200&&(r=200),s.height=r):\"link\"===t.message&&(r=new URL(s.getAttribute(\"src\")),n=new URL(t.value),c.test(n.protocol))&&n.host===r.host&&l.activeElement===s&&(d.top.location.href=t.value))}},d.addEventListener(\"message\",d.wp.receiveEmbedMessage,!1),l.addEventListener(\"DOMContentLoaded\",function(){for(var e,t,s=l.querySelectorAll(\"iframe.wp-embedded-content\"),r=0;r<s.length;r++)(t=(e=s[r]).getAttribute(\"data-secret\"))||(t=Math.random().toString(36).substring(2,12),e.src+=\"#?secret=\"+t,e.setAttribute(\"data-secret\",t)),e.contentWindow.postMessage({message:\"ready\",secret:t},\"*\")},!1)))}(window,document);\n\/* ]]> *\/\n<\/script>\n","description":"Ein Sieg f\u00fcr die Moral! Nach der deftigen Pleite im letzten Test gegen die Clubberer bewies unser Minikader heute gegen den b\u00e4renstarken Landesligisten aus Bamberg wie man mit bew\u00e4hrten Tugenden in diesem Sport erfolgreich sein kann. Der Halbzeitstand spiegelte die Kr\u00e4fteverh\u00e4ltnisse wieder. Die fr\u00fche F\u00fchrung der G\u00e4ste egalisierte Tobi Philipp mit einem klassischen St\u00fcrmertor. Dem [&hellip;]","thumbnail_url":"https:\/\/www.facebook.com\/images\/emoji.php\/v9\/f77\/1\/16\/1f44d_1f3fb.png"}

Ein Sieg für die Moral! Nach der deftigen Pleite im letzten Test gegen die Clubberer bewies unser Minikader heute gegen den bärenstarken Landesligisten aus Bamberg wie man mit bewährten Tugenden in diesem Sport erfolgreich sein kann. Der Halbzeitstand spiegelte die Kräfteverhältnisse wieder. Die frühe Führung der Gäste egalisierte Tobi Philipp mit einem klassischen Stürmertor. Dem [&hellip;]
