{"version":"1.0","provider_name":"JFG Wendelstein","provider_url":"https:\/\/www.jugendfussball-wendelstein.de\/wordpress","author_name":"Autor","author_url":"https:\/\/www.jugendfussball-wendelstein.de\/wordpress\/author\/autor\/","title":"Neuer Vorstand - JFG Wendelstein","type":"rich","width":600,"height":338,"html":"<blockquote class=\"wp-embedded-content\" data-secret=\"rOuXC4Gzzo\"><a href=\"https:\/\/www.jugendfussball-wendelstein.de\/wordpress\/neuer-vorstand\/\">Neuer Vorstand<\/a><\/blockquote><iframe sandbox=\"allow-scripts\" security=\"restricted\" src=\"https:\/\/www.jugendfussball-wendelstein.de\/wordpress\/neuer-vorstand\/embed\/#?secret=rOuXC4Gzzo\" width=\"600\" height=\"338\" title=\"&#8222;Neuer Vorstand&#8220; &#8211; JFG Wendelstein\" data-secret=\"rOuXC4Gzzo\" frameborder=\"0\" marginwidth=\"0\" marginheight=\"0\" scrolling=\"no\" class=\"wp-embedded-content\"><\/iframe><script type=\"text\/javascript\">\n\/* <![CDATA[ *\/\n\/*! This file is auto-generated *\/\n!function(d,l){\"use strict\";l.querySelector&&d.addEventListener&&\"undefined\"!=typeof URL&&(d.wp=d.wp||{},d.wp.receiveEmbedMessage||(d.wp.receiveEmbedMessage=function(e){var t=e.data;if((t||t.secret||t.message||t.value)&&!\/[^a-zA-Z0-9]\/.test(t.secret)){for(var s,r,n,a=l.querySelectorAll('iframe[data-secret=\"'+t.secret+'\"]'),o=l.querySelectorAll('blockquote[data-secret=\"'+t.secret+'\"]'),c=new RegExp(\"^https?:$\",\"i\"),i=0;i<o.length;i++)o[i].style.display=\"none\";for(i=0;i<a.length;i++)s=a[i],e.source===s.contentWindow&&(s.removeAttribute(\"style\"),\"height\"===t.message?(1e3<(r=parseInt(t.value,10))?r=1e3:~~r<200&&(r=200),s.height=r):\"link\"===t.message&&(r=new URL(s.getAttribute(\"src\")),n=new URL(t.value),c.test(n.protocol))&&n.host===r.host&&l.activeElement===s&&(d.top.location.href=t.value))}},d.addEventListener(\"message\",d.wp.receiveEmbedMessage,!1),l.addEventListener(\"DOMContentLoaded\",function(){for(var e,t,s=l.querySelectorAll(\"iframe.wp-embedded-content\"),r=0;r<s.length;r++)(t=(e=s[r]).getAttribute(\"data-secret\"))||(t=Math.random().toString(36).substring(2,12),e.src+=\"#?secret=\"+t,e.setAttribute(\"data-secret\",t)),e.contentWindow.postMessage({message:\"ready\",secret:t},\"*\")},!1)))}(window,document);\n\/* ]]> *\/\n<\/script>\n","description":"In der au\u00dferordentlichen Mitgliederversammlung der JFG, welche durch den R\u00fccktritt des seit 23.09.2011 als 1. Vorstand fungierenden Ralf Florian notwendig wurde, konnte die mittlerweile weit \u00fcber die Region hinaus bekannte JFG Wendelstein ihre F\u00fchrung neu w\u00e4hlen. Im Beisein vieler Mitglieder und den Vertretern der drei Stammvereine der JFG, dem TSV Wendelstein, dem FV Wendelstein und [&hellip;]","thumbnail_url":"http:\/\/www.jugendfussball-wendelstein.de\/wordpress\/wp-content\/uploads\/2016\/01\/vorstand_2016.jpg"}

In der außerordentlichen Mitgliederversammlung der JFG, welche durch den Rücktritt des seit 23.09.2011 als 1. Vorstand fungierenden Ralf Florian notwendig wurde, konnte die mittlerweile weit über die Region hinaus bekannte JFG Wendelstein ihre Führung neu wählen. Im Beisein vieler Mitglieder und den Vertretern der drei Stammvereine der JFG, dem TSV Wendelstein, dem FV Wendelstein und [&hellip;]
