{"version":"1.0","provider_name":"JFG Wendelstein","provider_url":"https:\/\/www.jugendfussball-wendelstein.de\/wordpress","author_name":"Autor","author_url":"https:\/\/www.jugendfussball-wendelstein.de\/wordpress\/author\/autor\/","title":"U7\/1 + U7\/2 on Tour .... - JFG Wendelstein","type":"rich","width":600,"height":338,"html":"<blockquote class=\"wp-embedded-content\" data-secret=\"im0q8lQyy0\"><a href=\"https:\/\/www.jugendfussball-wendelstein.de\/wordpress\/u7-1-u7-2-on-tour\/\">U7\/1 + U7\/2 on Tour &#8230;.<\/a><\/blockquote><iframe sandbox=\"allow-scripts\" security=\"restricted\" src=\"https:\/\/www.jugendfussball-wendelstein.de\/wordpress\/u7-1-u7-2-on-tour\/embed\/#?secret=im0q8lQyy0\" width=\"600\" height=\"338\" title=\"&#8222;U7\/1 + U7\/2 on Tour &#8230;.&#8220; &#8211; JFG Wendelstein\" data-secret=\"im0q8lQyy0\" frameborder=\"0\" marginwidth=\"0\" marginheight=\"0\" scrolling=\"no\" class=\"wp-embedded-content\"><\/iframe><script type=\"text\/javascript\">\n\/* <![CDATA[ *\/\n\/*! This file is auto-generated *\/\n!function(d,l){\"use strict\";l.querySelector&&d.addEventListener&&\"undefined\"!=typeof URL&&(d.wp=d.wp||{},d.wp.receiveEmbedMessage||(d.wp.receiveEmbedMessage=function(e){var t=e.data;if((t||t.secret||t.message||t.value)&&!\/[^a-zA-Z0-9]\/.test(t.secret)){for(var s,r,n,a=l.querySelectorAll('iframe[data-secret=\"'+t.secret+'\"]'),o=l.querySelectorAll('blockquote[data-secret=\"'+t.secret+'\"]'),c=new RegExp(\"^https?:$\",\"i\"),i=0;i<o.length;i++)o[i].style.display=\"none\";for(i=0;i<a.length;i++)s=a[i],e.source===s.contentWindow&&(s.removeAttribute(\"style\"),\"height\"===t.message?(1e3<(r=parseInt(t.value,10))?r=1e3:~~r<200&&(r=200),s.height=r):\"link\"===t.message&&(r=new URL(s.getAttribute(\"src\")),n=new URL(t.value),c.test(n.protocol))&&n.host===r.host&&l.activeElement===s&&(d.top.location.href=t.value))}},d.addEventListener(\"message\",d.wp.receiveEmbedMessage,!1),l.addEventListener(\"DOMContentLoaded\",function(){for(var e,t,s=l.querySelectorAll(\"iframe.wp-embedded-content\"),r=0;r<s.length;r++)(t=(e=s[r]).getAttribute(\"data-secret\"))||(t=Math.random().toString(36).substring(2,12),e.src+=\"#?secret=\"+t,e.setAttribute(\"data-secret\",t)),e.contentWindow.postMessage({message:\"ready\",secret:t},\"*\")},!1)))}(window,document);\n\/* ]]> *\/\n<\/script>\n","description":"Auch unsere ganz kleinen Kids, die G-Jugend, mischt momentan munter im Geschehen der Hallensaison mit. Am heutigen Sonntag waren wir auf 2 Turnieren vertreten. W\u00e4hrend unsere G2 beim ESV Fl\u00fcgelrad zu Gast war, musste sich die G1 in Feucht beweisen. Heraus kam dabei ein toller 5. Platz f\u00fcr unsere j\u00fcngsten Talente. Ein gro\u00dfes Dankesch\u00f6n an [&hellip;]","thumbnail_url":"http:\/\/www.jugendfussball-wendelstein.de\/wordpress\/wp-content\/uploads\/2018\/01\/26169412_1931508396879141_6499388593142641113_n-350x262.jpg"}

Auch unsere ganz kleinen Kids, die G-Jugend, mischt momentan munter im Geschehen der Hallensaison mit. Am heutigen Sonntag waren wir auf 2 Turnieren vertreten. Während unsere G2 beim ESV Flügelrad zu Gast war, musste sich die G1 in Feucht beweisen. Heraus kam dabei ein toller 5. Platz für unsere jüngsten Talente. Ein großes Dankeschön an [&hellip;]
